me factors of 293.
293
What are the prime factors of 4879?
7, 17, 41
What are the prime factors of 396?
2, 3, 11
List the prime factors of 1493.
1493
List the prime factors of 117277.
23, 5099
What are the prime factors of 1935?
3, 5, 43
List the prime factors of 376.
2, 47
List the prime factors of 4072.
2, 509
What are the prime factors of 1021?
1021
List the prime factors of 13385.
5, 2677
List the prime factors of 784.
2, 7
List the prime factors of 16071.
3, 11, 487
What are the prime factors of 150335?
5, 107, 281
What are the prime factors of 18782?
2, 9391
List the prime factors of 6088.
2, 761
What are the prime factors of 464?
2, 29
List the prime factors of 47292.
2, 3, 7, 563
List the prime factors of 3233.
53, 61
List the prime factors of 2936.
2, 367
What are the prime factors of 10997?
7, 1571
What are the prime factors of 664?
2, 83
What are the prime factors of 29482?
2, 14741
What are the prime factors of 5505?
3, 5, 367
What are the prime factors of 362?
2, 181
What are the prime factors of 1243?
11, 113
List the prime factors of 5646.
2, 3, 941
List the prime factors of 478.
2, 239
What are the prime factors of 103484?
2, 41, 631
List the prime factors of 820.
2, 5, 41
What are the prime factors of 1975?
5, 79
List the prime factors of 444.
2, 3, 37
What are the prime factors of 1144?
2, 11, 13
What are the prime factors of 3704?
2, 463
What are the prime factors of 4081?
7, 11, 53
What are the prime factors of 130756?
2, 97, 337
What are the prime factors of 3202?
2, 1601
What are the prime factors of 1770?
2, 3, 5, 59
What are the prime factors of 1262?
2, 631
List the prime factors of 31722.
2, 3, 17, 311
List the prime factors of 14104.
2, 41, 43
List the prime factors of 5203.
11, 43
List the prime factors of 23439.
3, 13, 601
What are the prime factors of 2006?
2, 17, 59
List the prime factors of 717.
3, 239
List the prime factors of 11135.
5, 17, 131
List the prime factors of 4848.
2, 3, 101
What are the prime factors of 71178?
2, 3, 11863
List the prime factors of 3052.
2, 7, 109
List the prime factors of 4422.
2, 3, 11, 67
What are the prime factors of 6869?
6869
What are the prime factors of 8760?
2, 3, 5, 73
What are the prime factors of 2154?
2, 3, 359
List the prime factors of 18134.
2, 9067
What are the prime factors of 4511?
13, 347
List the prime factors of 864.
2, 3
List the prime factors of 7184.
2, 449
What are the prime factors of 3358?
2, 23, 73
List the prime factors of 4043.
13, 311
List the prime factors of 1142.
2, 571
List the prime factors of 1100.
2, 5, 11
What are the prime factors of 2454?
2, 3, 409
List the prime factors of 30091.
30091
What are the prime factors of 2793?
3, 7, 19
List the prime factors of 74329.
239, 311
List the prime factors of 25669.
7, 19, 193
What are the prime factors of 53?
53
List the prime factors of 34059.
3, 11353
What are the prime factors of 752?
2, 47
What are the prime factors of 854?
2, 7, 61
What are the prime factors of 2480?
2, 5, 31
List the prime factors of 1493.
1493
What are the prime factors of 22698?
2, 3, 13, 97
What are the prime factors of 31113?
3, 3457
What are the prime factors of 662?
2, 331
List the prime factors of 2846.
2, 1423
List the prime factors of 55886.
2, 27943
List the prime factors of 675.
3, 5
What are the prime factors of 422?
2, 211
List the prime factors of 114281.
114281
What are the prime factors of 114?
2, 3, 19
What are the prime factors of 840?
2, 3, 5, 7
What are the prime factors of 322?
2, 7, 23
List the prime factors of 29687.
7, 4241
What are the prime factors of 45928?
2, 5741
What are the prime factors of 3174?
2, 3, 23
List the prime factors of 5806.
2, 2903
List the prime factors of 210501.
3, 19, 1231
List the prime factors of 110081.
31, 53, 67
What are the prime factors of 1905?
3, 5, 127
List the prime factors of 2708.
2, 677
What are the prime factors of 5097?
3, 1699
List the prime factors of 835.
5, 167
What are the prime factors of 1526?
2, 7, 109
List the prime factors of 23108.
2, 53, 109
What are the prime factors of 2705?
5, 541
List the prime factors of 501.
3, 167
List the prime factors of 1007.
19, 53
What are the prime factors of 95673?
3, 31891
List the prime factors of 378.
2, 3, 7
List the prime factors of 15269.
15269
List the prime factors of 3679.
13, 283
What are the prime factors of 1364?
2, 11, 31
List the prime factors of 24111.
3, 19, 47
List the prime factors of 97179.
3, 29, 1117
What are the prime factors of 79170?
2, 3, 5, 7, 13, 29
List the prime factors of 38545.
5, 13, 593
List the prime factors of 33511.
23, 31, 47
What are the prime factors of 1628?
2, 11, 37
List the prime factors of 1749.
3, 11, 53
List the prime factors of 1956.
2, 3, 163
What are the prime factors of 58221?
3, 6469
What are the prime factors of 14675?
5, 587
What are the prime factors of 1450?
2, 5, 29
List the prime factors of 33073.
33073
What are the prime factors of 6011?
6011
List the prime factors of 58321.
58321
List the prime factors of 2284.
2, 571
What are the prime factors of 353?
353
List the prime factors of 6102.
2, 3, 113
List the prime factors of 737.
11, 67
List the prime factors of 46.
2, 23
List the prime factors of 1528.
2, 191
What are the prime factors of 444?
2, 3, 37
List the prime factors of 127525.
5, 5101
List the prime factors of 94699.
11, 8609
List the prime factors of 39230.
2, 5, 3923
What are the prime factors of 471?
3, 157
What are the prime factors of 43913?
43913
List the prime factors of 13889.
17, 19, 43
What are the prime factors of 592?
2, 37
What are the prime factors of 1143?
3, 127
List the prime factors of 2768.
2, 173
List the prime factors of 214.
2, 107
What are the prime factors of 80685?
3, 5, 11, 163
What are the prime factors of 334?
2, 167
List the prime factors of 28056.
2, 3, 7, 167
What are the prime factors of 1586?
2, 13, 61
What are the prime factors of 2567?
17, 151
What are the prime factors of 7547?
7547
What are the prime factors of 3530?
2, 5, 353
List the prime factors of 102930.
2, 3, 5, 47, 73
List the prime factors of 31377.
3, 10459
List the prime factors of 765.
3, 5, 17
List the prime factors of 25127.
25127
What are the prime factors of 2800?
2, 5, 7
List the prime factors of 16852.
2, 11, 383
List the prime factors of 2533.
17, 149
List the prime factors of 396.
2, 3, 11
What are the prime factors of 49832?
2, 6229
What are the prime factors of 1502?
2, 751
What are the prime factors of 4487?
7, 641
What are the prime factors of 6745?
5, 19, 71
What are the prime factors of 1049?
1049
What are the prime factors of 53906?
2, 26953
What are the prime factors of 117?
3, 13
List the prime factors of 21260.
2, 5, 1063
List the prime factors of 987.
3, 7, 47
What are the prime factors of 47650?
2, 5, 953
List the prime factors of 7387.
83, 89
What are the prime factors of 11394?
2, 3, 211
List the prime factors of 1261.
13, 97
List the prime factors of 41352.
2, 3, 1723
What are the prime factors of 949?
13, 73
What are the prime factors of 256?
2
What are the prime factors of 1009?
1009
What are the prime factors of 686?
2, 7
What are the prime factors of 7?
7
What are the prime factors of 342?
2, 3, 19
List the prime factors of 5285.
5, 7, 151
What are the prime factors of 7114?
2, 3557
List the prime factors of 970.
2, 5, 97
List the prime factors of 52781.
47, 1123
What are the prime factors of 1201?
1201
List the prime factors of 193062.
2, 3, 23, 1399
What are the prime factors of 3344?
2, 11, 19
List the prime factors of 788.
2, 197
List the prime factors of 56275.
5, 2251
What are the prime factors of 1219?
23, 53
What are the prime factors of 1935?
3, 5, 43
List the prime factors of 14226.
2, 3, 2371
List the prime factors of 6451.
6451
List the prime factors of 2470.
2, 5, 13, 19
List the prime factors of 129561.
3, 19, 2273
List the prime factors of 11075.
5, 443
What are the prime factors of 1201?
1201
What are the prime factors of 1450?
2, 5, 29
What are the prime factors of 14558?
2, 29, 251
What are the prime factors of 2696?
2, 337
List the prime factors of 834.
2, 3, 139
List the prime factors of 43030.
2, 5, 13, 331
What are the prime factors of 39600?
2, 3, 5, 11
List the prime factors of 8486.
2, 4243
List the prime f